 110001000011101 - 11?
110001000011010
In base 6, what is 0 - 11310315?
-11310315
In base 6, what is 10201 - 210?
5551
In base 5, what is -123211 - 3?
-123214
In base 9, what is 20 + 1626?
1646
In base 10, what is -557 + 76?
-481
In base 11, what is 30 + -6285a?
-6282a
In base 7, what is 530405 + -1?
530404
In base 10, what is 78543 + -30?
78513
In base 10, what is -5 - -15867?
15862
In base 15, what is -11b60 + 7?
-11b58
In base 3, what is -22 - -2110021?
2102222
In base 14, what is -5 - -42225?
42220
In base 8, what is -67 + 7537?
7450
In base 6, what is -3 - -1430551?
1430544
In base 12, what is 6b + -353b?
-3490
In base 4, what is -21123201 - 11?
-21123212
In base 16, what is 52154 - 0?
52154
In base 2, what is 11101011011100 + -1?
11101011011011
In base 5, what is -14 + 1010401?
1010332
In base 4, what is -223000 + 32?
-222302
In base 4, what is -102 - -3023?
2321
In base 5, what is -4 - -30320?
30311
In base 13, what is 0 + -cb28?
-cb28
In base 13, what is 13 + 861?
874
In base 10, what is -1163 - -11?
-1152
In base 8, what is 7457 + 234?
7713
In base 5, what is 10 - 10013342?
-10013332
In base 13, what is -24458 - -2?
-24456
In base 16, what is -5 - 17897?
-1789c
In base 9, what is 2067872 - 0?
2067872
In base 10, what is -27487 + 1?
-27486
In base 13, what is -4b33 - -58?
-4aa8
In base 16, what is -3 + 4cbb?
4cb8
In base 3, what is 102 + -21112011?
-21111202
In base 5, what is -14334301 + 4?
-14334242
In base 16, what is -2 + -33a8?
-33aa
In base 11, what is -12a98 + 2?
-12a96
In base 10, what is -97 - -468?
371
In base 15, what is 75b8d + 1?
75b8e
In base 4, what is -3002 - -22300?
13232
In base 2, what is -10 - -101101100111001000?
101101100111000110
In base 12, what is 1525 + 102?
1627
In base 14, what is 85c1d - -2?
85c21
In base 14, what is 708 + 402?
b0a
In base 4, what is 133103 - -1320?
201023
In base 9, what is -62 + 1676?
1614
In base 9, what is -2530 - 4?
-2534
In base 5, what is 0 - -31334432?
31334432
In base 7, what is 65211 - 2?
65206
In base 9, what is 7 + 10232?
10240
In base 6, what is -2 + 4013?
4011
In base 14, what is -1d + 4cc?
4ad
In base 12, what is 5 - 141b7?
-141b2
In base 6, what is -23 + -4030103?
-4030130
In base 2, what is 10101 + -11110011111?
-11110001010
In base 2, what is 1011010111001111010110 - -10?
1011010111001111011000
In base 7, what is -51112 + -6?
-51121
In base 2, what is -10000100 - -1001001000?
111000100
In base 15, what is 3a88 - 4?
3a84
In base 4, what is 1 - -22333322?
22333323
In base 3, what is 1112110201000 - 0?
1112110201000
In base 11, what is 12036 + 3?
12039
In base 10, what is -550 + 292?
-258
In base 7, what is 500 - -1131?
1631
In base 6, what is -30154 - -1000?
-25154
In base 11, what is -131 - 33?
-164
In base 5, what is 1120141 + 4?
1120200
In base 16, what is 2b - 1f8?
-1cd
In base 16, what is -11b - -200b?
1ef0
In base 11, what is -7 - 771955?
-771961
In base 6, what is 10 - -242501?
242511
In base 3, what is 10020000 - -101101?
10121101
In base 10, what is 16731 + 2?
16733
In base 5, what is 10 + 123322?
123332
In base 12, what is 2 - 6a19?
-6a17
In base 12, what is 470 - -223?
693
In base 9, what is -35783 + 18?
-35764
In base 14, what is -42 + 295?
253
In base 4, what is 1 + 1122033?
1122100
In base 5, what is 23203004 + 0?
23203004
In base 14, what is -2a1 - 173?
-434
In base 13, what is -5038 - -4?
-5034
In base 6, what is 51125 + -50?
51035
In base 14, what is 3 + 1479?
147c
In base 8, what is 32 - 60631?
-60577
In base 7, what is 13522 + 3?
13525
In base 11, what is 12 - 1021?
-100a
In base 10, what is 4176 + 131?
4307
In base 15, what is -3 + -bd4d?
-bd51
In base 10, what is -5030 + 346?
-4684
In base 11, what is 7653 - -1?
7654
In base 14, what is 1272 + 1?
1273
In base 16, what is 203f + -17?
2028
In base 9, what is 1604 + 30?
1634
In base 9, what is 12081 - -42?
12133
In base 3, what is -22 + 102112120?
102112021
In base 14, what is -9 - -46?
3b
In base 14, what is -1641 - b?
-164c
In base 7, what is 1154 + 16052?
20236
In base 11, what is 5420a - -13?
54222
In base 7, what is 2522064 + 14?
2522111
In base 4, what is 13201103010 + 1?
13201103011
In base 3, what is -1110000 - -12111?
-1020112
In base 4, what is 11 + 121222?
121233
In base 9, what is 2 + 2588?
2601
In base 5, what is 342430 - -3?
342433
In base 4, what is 221 + 1322?
2203
In base 12, what is 8869b + 1?
886a0
In base 13, what is -1 + 27c2?
27c1
In base 13, what is -222caa - -5?
-222ca5
In base 15, what is -3 + ee783?
ee780
In base 7, what is 51523 + -4?
51516
In base 12, what is -1505 + 5?
-1500
In base 2, what is 1 + -10000110111011?
-10000110111010
In base 15, what is 4be467 + 1?
4be468
In base 7, what is -4 - 4530200?
-4530204
In base 7, what is 30444 + -3?
30441
In base 16, what is 1a4 + -12d?
77
In base 6, what is -1023 - 10?
-1033
In base 15, what is 164 + -1d?
146
In base 6, what is -4 + 10215?
10211
In base 6, what is -3 + -215544?
-215551
In base 3, what is -220012210 + -12?
-220012222
In base 7, what is 4 - -123462?
123466
In base 9, what is -45 - 22168?
-22224
In base 3, what is -110 - 2012001211?
-2012002021
In base 15, what is 797bd - 4?
797b9
In base 12, what is -35 - -4320?
42a7
In base 14, what is 2c6ca - 6?
2c6c4
In base 5, what is -340 + 1140?
300
In base 8, what is 4 - -40555?
40561
In base 7, what is -6564 - 653?
-10550
In base 12, what is 322765 + 0?
322765
In base 10, what is -2 - 253642?
-253644
In base 7, what is 136 - -265?
434
In base 3, what is 111001 + -2020110?
-1202102
In base 6, what is 10 + -11004?
-10554
In base 12, what is -2 + 7796?
7794
In base 7, what is -202 + -1405?
-1610
In base 9, what is 733 + 40?
773
In base 8, what is -4 + 53600?
53574
In base 4, what is 11302 - -120?
12022
In base 13, what is 174c29 + 1?
174c2a
In base 13, what is 490 + -1318?
-b58
In base 3, what is -11 - 10120202221?
-10120210002
In base 3, what is 10 + -200202100001?
-200202022221
In base 7, what is -2642 + -111?
-3053
In base 8, what is -7 - 6343?
-6352
In base 5, what is 2 - 30124431?
-30124424
In base 10, what is -1 - 1980?
-1981
In base 6, what is 4 - 2500151?
-2500143
In base 2, what is 1000001011011 + -1010110?
1000000000101
In base 7, what is 12440 + -154?
12253
In base 15, what is 51a + 84?
59e
In base 16, what is -c - -aa8a?
aa7e
In base 2, what is 10010001 - -1111011011?
10001101100
In base 11, what is -142439 + -5?
-142443
In base 14, what is 274 + -95?
1bd
In base 4, what is 22 - 22321?
-22233
In base 2, what is -110000101001000101 - -11?
-110000101001000010
In base 9, what is -103 + 2011?
1807
In base 13, what is 84770 - -2?
84772
In base 13, what is -6 + 7a2c?
7a26
In base 10, what is 4440 - 239?
4201
In base 10, what is -3553 + 19?
-3534
In base 9, what is 17765 - 12?
17753
In base 12, what is 2a78b + 7?
2a796
In base 6, what is -133151102 + -4?
-133151110
In base 10, what is 42 - 1507?
-1465
In base 3, what is 12 + 121120102?
121120121
In base 2, what is -10 + -1000110101010101110?
-1000110101010110000
In base 4, what is 212 + 2322033?
2322311
In base 5, what is 241 + -10444112?
-10443321
In base 16, what is 1858 - -5?
185d
In base 15, what is abbc + -a?
abb2
In base 15, what is -12 - 46e?
-481
In base 7, what is 2160 - 46?
2111
In base 12, what is 1 + 2b407?
2b408
In base 11, what is -5 + -36966?
-36970
In base 7, what is -131 - -6121?
5660
In base 3, what is -10121000 - -2021?
-10111202
In base 3, what is -11012 + -221211221?
-222000010
In base 9, what is 3204 - 22?
3172
In base 16, what is -2 - f11?
-f13
In base 14, what is -4d8 + -c8?
-5c2
In base 2, what is 10011011111 - -11001?
10011111000
In base 12, what is 4 - 26911?
-26909
In base 5, what is -4 - -221440220?
221440211
In base 2, what is 1110111000111110 + 0?
1110111000111110
In base 3, what is 110002110212 - -2?
110002110221
In base 9, what is 174207 + 4?
174212
In base 6, what is 1520 - -21?
1541
In base 7, what is -5 + -264102?
-264110
In base 4, what is 3 + 3301210?
3301213
In base 2, what is 111000 - -10100111111011101?
10101000000010101
In base 5, what is -4031 - 12432?
-22013
In base 16, what is -1a - 27de?
-27f8
In base 9, what is -220 - -51?
-158
In base 13, what is -1143 - 1c?
-1162
In base 13, what is -2a780 + 6?
-2a777
In base 10, what is 4 - -102684?
102688
In base 3, what is -111 - -102202012